2 = 6484. List the prime factors of j.
2, 673
Let p(r) = 56*r**2 + 190*r - 240. What are the prime factors of p(-31)?
2, 113, 211
Suppose -8 = 21*n - 19*n. Let m(c) = c**3 + 4*c**2 - 9. Let u be m(n). List the prime factors of (-3)/(-9) - (-254)/u*-3.
5, 17
Suppose j - 3*w - 2*w - 675 = 0, 2*j - 1410 = -5*w. Let d = j - 490. Suppose -4*o = -219 - d. List the prime factors of o.
2, 53
Let d(b) = 2*b**3 - 10*b**2 + 18*b - 3. Suppose 8 = -4*t + 4*g - 8*g, -2 = 4*t - 2*g. Let m(x) = -5*x**3 + x + 2. Let z be m(t). List the prime factors of d(z).
3, 59
List the prime factors of (-191728)/(-9) - 1 - (-439)/(-3951).
2, 10651
Let c = 210 - -112. Let y = 366 - c. What are the prime factors of y?
2, 11
Suppose -f = -4*f - 3*d + 114, -5*f + 2*d = -183. Suppose 5*x + 2*r - 31 = f, 3*x = 2*r + 28. What are the prime factors of ((-208)/(-2))/(-2)*x/(-24)?
2, 13
Suppose 249 = -5*a + 89. Let x be (a/12)/(-2 - (-21)/9). Let p(u) = -u**2 - 10*u + 27. What are the prime factors of p(x)?
43
Let l = 2277 - -4973. Suppose -18*p = -l + 1148. List the prime factors of p.
3, 113
Suppose 0 = -2*n + 16. Let v be (-180)/n - 3/6. List the prime factors of ((-3 - -2) + -4 + 4)*v.
23
Let f(u) = 1040*u + 1242. List the prime factors of f(22).
2, 7, 1723
Suppose -92 = -6*y + 4. Let o(u) = -u**2 + 15*u + 15. Let s be o(y). Let x(j) = -69*j**3 + j**2 - 1. What are the prime factors of x(s)?
3, 23
Suppose -61*l + 59*l = 16. What are the prime factors of (-2928)/32*(l + -2)?
3, 5, 61
Let s(v) = v + 16. Let j be s(-6). Suppose -17*b + 15*b = -j. Suppose -2*t - 4*l + 24 = -2*l, 20 = b*l. List the prime factors of t.
2
Suppose 0 = 3*z - 2*y - 64, 3*z - 58 = -2*y + y. Let i = 11 + z. Let p = i + 7. What are the prime factors of p?
2, 19
List the prime factors of (879/(-1))/((-682)/68 + 10).
2, 3, 17, 293
Suppose 9*f = 4*f + 90. Suppose 0*j - f = 9*j. List the prime factors of -1 + 2 + (j + 2 - -64).
5, 13
Suppose 5*z = 2*p + 1906, z - 2*p + 5*p = 388. List the prime factors of 9*(-1)/6*z/(-3).
191
Suppose -5*r - 3*u + 170424 = 0, -136342 = -4*r - 109*u + 108*u. List the prime factors of r.
2, 3, 13, 19, 23
Let c = 15530 + -7456. List the prime factors of c.
2, 11, 367
Let m = 126753 - 75552. What are the prime factors of m?
3, 5689
Let b(s) = 5*s + 5. Let z be b(0). Suppose 1694 = 3*w - 5*r + 489, z*w = -2*r + 1967. What are the prime factors of w?
5, 79
Suppose -176 = -19*q - 3*q. Let n(l) = 65*l - 96. What are the prime factors of n(q)?
2, 53
Suppose 83*l - 56*l = 108. Suppose 5*y - 613 = -l*k + 896, -4*k - 4*y + 1508 = 0. List the prime factors of k.
2, 47
Let y(t) = -1808*t + 3302. List the prime factors of y(-16).
2, 5, 11, 293
Let y(o) = 14*o + 33. Let u(l) = -4*l + 40. Let d be u(6). What are the prime factors of y(d)?
257
Let h = -106 - -200. Let m(v) = -5*v**2 - 3*v + 10. Let k be m(3). Let y = h + k. List the prime factors of y.
2, 5
Let i(s) = -2*s + 5. Let t be i(-25). What are the prime factors of 12915/t - (-3)/(33/2)?
5, 47
Let y(v) = 5*v**3 + 5*v - 1. Suppose 4*i - 3 = i, w + 2*i = 5. Suppose 0 = 6*r - w*r - 4*h - 22, -4*r + h = -12. What are the prime factors of y(r)?
7
Let d be 10/((-151)/(-38) + -4). Let l be (d/(-15))/(-2)*(0 + -6). Suppose 0 = 2*q + 12 - l. List the prime factors of q.
2
Let x(a) be the third derivative of a**6/60 + 7*a**5/60 + a**4/12 + a**3/3 - a**2. Let c = -391 - -388. List the prime factors of x(c).
5
Suppose -96886 = -9*a - 7876. What are the prime factors of a?
2, 5, 23, 43
Suppose 4*w - 2 = 18. Suppose -1836 - 454 = -w*o. List the prime factors of o.
2, 229
Suppose -170*g = -1338655 + 268435 - 581840. What are the prime factors of g?
2, 43, 113
Let z(k) be the second derivative of -5*k**4/8 + 43*k**3/6 + 9*k**2/2 + 23*k. Let w(x) be the first derivative of z(x). What are the prime factors of w(-6)?
7, 19
Let u(y) = 4*y**3 - 37*y**2 - 71*y - 59. Let m(p) = p**3 - p**2 - p - 1. Let r(k) = 5*m(k) - u(k). List the prime factors of r(-29).
3, 13, 17
Let v = -150 + 148. Let m(r) = -227*r + 11. What are the prime factors of m(v)?
3, 5, 31
Let d = -638 + 1101. Let g = d - 10. What are the prime factors of g?
3, 151
Suppose 21*n + 9 = 22*n. What are the prime factors of n + -13 - (0 + -76)?
2, 3
Suppose 13 = 20*c + 53. What are the prime factors of 60 - (-4 + c) - -6?
2, 3
Suppose 19*z = 6*z + 564009 + 15765. What are the prime factors of z?
2, 3, 7433
Let g(i) = i**2 + 17*i + 18. Let r be g(-16). List the prime factors of 1*149 - (-12 + 6 + r).
3, 17
Let p(k) = -18*k - 27. Let g be (-4)/(-24)*20 + 2/(-6). Suppose -g*v - 12 = 9. What are the prime factors of p(v)?
3, 11
Suppose 13*x + 37 = 219. List the prime factors of 2301/21 - 8/x.
109
Let k be ((-2)/3)/((-6)/261). Suppose 6*c - k = 1. Suppose -4*w = -3*w - 4*y - 108, 0 = -2*w + c*y + 207. What are the prime factors of w?
2, 3
Let i(r) = 2*r**2 - 4*r - 6. Let o be i(-5). Let v = 420 - 265. Let s = v - o. List the prime factors of s.
7, 13
Let j be -79 - 6/(3/(-1)). Let r = j - -87. Suppose -r = -u + 83. What are the prime factors of u?
3, 31
Let m be (-18 - -20) + 16/(-2). Let q(x) = 3*x**2 + 3*x + 18. List the prime factors of q(m).
2, 3
Let a(m) = -56*m - 60. Let u(r) = 3*r + 1. Let y(p) = a(p) + 20*u(p). What are the prime factors of y(26)?
2
Suppose -26*j - 16 = -10*j. Let c be 0 - (-1)/(j/(15/(-3))). Suppose 2*m + 471 = 4*m - r, 0 = -3*m - c*r + 713. What are the prime factors of m?
2, 59
Suppose 118*s + 2613870 = 142*s + 291*s. What are the prime factors of s?
2, 3, 461
Suppose -106 = -28*y + 370. Let r = -138 - -250. Let g = r + y. What are the prime factors of g?
3, 43
Let b(l) = 35*l**2 + 28*l + 163. List the prime factors of b(-10).
17, 199
Suppose 4*k + 3*f = 6, f + 4 = -4*k + 3*f. Let y(g) = g**3 - g**2 - 103. Let h be y(k). List the prime factors of (h/(-2))/(8/16).
103
Suppose -16*o + 0*o + 55440 = 0. Suppose o = -20*t + 13065. List the prime factors of t.
2, 3, 5
Suppose 1226636 = 38*f + 306048. What are the prime factors of f?
2, 12113
Suppose 0 = 5*t + 84 + 106. Let z = t - -46. Suppose -4*q + y + 3*y = -148, z = -2*y. What are the prime factors of q?
3, 11
Suppose 278659 = 8*r + 5*v, -3*r + 104503 = -5*v + v. What are the prime factors of r?
3, 17, 683
Suppose -2*i - 5*c = 51, -i - 3*c - 26 = -c. Let s = i - -32. What are the prime factors of 6/(-12) - ((-178)/s + 2)?
2, 3, 7
Let f(s) = -13*s + 4. Let b(p) = 39*p - 11. Let j(o) = 4*b(o) + 11*f(o). Let m be j(1). Suppose 59 = 3*a - m. What are the prime factors of a?
2, 3
Let x = 42812 + -30286. List the prime factors of x.
2, 6263
Let r(i) = 15*i**2 - 43*i - 155. Let y be r(-4). Let a = -63 + y. List the prime factors of a.
2, 97
Suppose -5*v + 4905 + 3641 = -2*d, d = -2*v + 3422. What are the prime factors of v?
2, 3, 5, 19
Let s be (-186)/15 - (-2)/5. Suppose -7*n - 6 = -2*t - 12*n, 0 = -t + 2*n - 6. List the prime factors of 44*(228/8)/(s/t).
11, 19
Let h(r) be the second derivative of r**5/20 + 5*r**4/6 + r**3/6 + 6*r**2 + r + 120. Let z(g) = g**2 - 9*g + 9. Let d be z(6). List the prime factors of h(d).
2, 3, 7
List the prime factors of -4*(269838/(-8))/27.
19, 263
Let s(d) = 5*d + 3628. What are the prime factors of s(-2)?
2, 3, 67
Suppose -2*d + 4*n + 7688 = 0, 3*n = 12 - 9. What are the prime factors of d?
2, 3, 641
Let y be (-12)/(-32) - (-6057)/(-24). List the prime factors of (41 - -1)*8*(-513)/y.
2, 3, 19
List the prime factors of -15*(-3 + 2) + 19529.
2, 7, 349
Let w(q) = q**3 - 22*q**2 - 21*q - 44. Let r be w(23). List the prime factors of r/(-3)*(-1)/(20/13410).
3, 149
Let g(a) = 12*a + 7. Let w be g(2). Suppose -23*h + w*h = 24. Suppose 5*s + 6*c - 8*c = 305, 0 = 3*s + h*c - 162. What are the prime factors of s?
59
What are the prime factors of ((-25409608)/(-1158))/(1/3)?
2, 7, 2351
Suppose 0 = 2*a - 6, 2*g = -g - 4*a + 2598. List the prime factors of g + (-4 + 5)/(-1).
3, 7, 41
Let x(g) = -g**2 - 103*g + 63889. List the prime factors of x(0).
7, 9127
Suppose 0 = 12*i + 6391 - 31917 - 6886. What are the prime factors of i?
37, 73
Let v be 74/6 - 4 - 1/3. Suppose 6*s + 86 = v*s. Let d = -36 + s. What are the prime factors of d?
7
Let j = 450 - 414. List the prime factors of j.
2, 3
Suppose -4473727 - 6920672 = -191*s - 1941427. What are the prime factors of s?
2, 12373
Suppose 5*m - 535 = g, m = -5*g - 192